{"id":912,"date":"2012-04-02T10:32:10","date_gmt":"2012-04-02T10:32:10","guid":{"rendered":"http:\/\/oin.at\/?page_id=912"},"modified":"2015-04-07T15:26:41","modified_gmt":"2015-04-07T15:26:41","slug":"rebound","status":"publish","type":"page","link":"https:\/\/old.oin.at\/?page_id=912","title":{"rendered":"Projekte_Linking low carbon"},"content":{"rendered":"<p id=\"projekte-header-small\">Linking low carbon technologies with low carbon society<\/p>\n<p id=\"projekte-header-small2\">Europa 2050: Anforderungen an die Technologiepolitik zur Eind\u00e4mmung des Rebound-Effektes<\/p>\n<p>Eine Studie im Auftrag des Bundesministeriums f\u00fcr Verkehr, Innovation und Technologie; <strong>Laufzeit: <\/strong>Jan 2012 \u2013 Sep 2012<\/p>\n<p><strong>Projektleitung:<\/strong> Univ.-Doz. Dr. Dietmar Kanatschnig (\u00d6IN)<\/p>\n<p><strong>Projektbearbeitung:<\/strong> Eva Lacher, Bakk.techn., Dr. Dietmar Kanatschnig (\u00d6IN)<\/p>\n<p>Eine wettbewerbsf\u00e4hige CO2-arme Wirtschaft kann allein durch die Weiterentwicklung bew\u00e4hrter Technologien erreicht werden. Die Rebound-Effekte reduzieren jedoch das Einsparpotenzial von Effizienzma\u00dfnahmen.<\/p>\n<p>Die Studie behandelt im ersten Teil den aktuellen Forschungsstand zu Auspr\u00e4gungen und Ausma\u00df dieser Rebound-Effekte. Der zweite zeigt Strategien auf, wie der technologische Fortschritt so an das gesellschaftliche Verhalten gekoppelt werden kann, dass das Ziel der Dekarbonisierung tats\u00e4chlich erreicht wird. Im Mittelpunkt stehen dabei solche Strategien, die direkt bei der Technikentwicklung bzw. Technikgestaltung ansetzen. Letzterer Teil m\u00fcndet in konkreten Empfehlungen f\u00fcr die \u00f6sterreichische Technologiepolitik, wie auf m\u00f6glichst effiziente Weise die technologierelevanten Klima- und Energieziele der EU realisiert werden k\u00f6nnen.<\/p>\n<p class=\"projekt-div-header\"><img id=\"teamImages_publikationen\" title=\"Publikationen\" src=\"images_seiten\/InnerHeader_Publikationen.png\" alt=\"\" \/><\/p>\n<p>Kanatschnig, Dietmar; Lacher, Eva (2012): Linking Low Carbon Technologies with Low Carbon Society. Energie 2050: Anforderungen an die Technologiepolitik zur Eind\u00e4mmung des Rebound-Effektes. Endbericht. Wien: \u00d6sterreichisches Institut f\u00fcr Nachhaltige Entwicklung.<br \/>\n<a id=\"artikeldownload\"href=\"http:\/\/www.nachhaltigwirtschaften.at\/iea_pdf\/endbericht_201258_rebound_low_carbon_technologies.pdf\" target=\"_blank\"><img class=\"headerImagesForPages\" title=\"download\" src=\"images\/download_arrow.png\" alt=\"\" \/>download<\/a><\/p>\n","protected":false},"excerpt":{"rendered":"<p>Linking low carbon technologies with low carbon society Europa 2050: Anforderungen an die Technologiepolitik zur Eind\u00e4mmung des Rebound-Effektes Eine Studie im Auftrag des Bundesministeriums f\u00fcr &hellip; <br \/><a class=\"read-more\" href=\"https:\/\/old.oin.at\/?page_id=912\">Weiterlesen <span class=\"meta-nav\">&rarr;<\/span><\/a><\/p>\n","protected":false},"author":1,"featured_media":0,"parent":21,"menu_order":0,"comment_status":"closed","ping_status":"open","template":"","meta":[],"_links":{"self":[{"href":"https:\/\/old.oin.at\/index.php?rest_route=\/wp\/v2\/pages\/912"}],"collection":[{"href":"https:\/\/old.oin.at\/index.php?rest_route=\/wp\/v2\/pages"}],"about":[{"href":"https:\/\/old.oin.at\/index.php?rest_route=\/wp\/v2\/types\/page"}],"author":[{"embeddable":true,"href":"https:\/\/old.oin.at\/index.php?rest_route=\/wp\/v2\/users\/1"}],"replies":[{"embeddable":true,"href":"https:\/\/old.oin.at\/index.php?rest_route=%2Fwp%2Fv2%2Fcomments&post=912"}],"version-history":[{"count":24,"href":"https:\/\/old.oin.at\/index.php?rest_route=\/wp\/v2\/pages\/912\/revisions"}],"predecessor-version":[{"id":931,"href":"https:\/\/old.oin.at\/index.php?rest_route=\/wp\/v2\/pages\/912\/revisions\/931"}],"up":[{"embeddable":true,"href":"https:\/\/old.oin.at\/index.php?rest_route=\/wp\/v2\/pages\/21"}],"wp:attachment":[{"href":"https:\/\/old.oin.at\/index.php?rest_route=%2Fwp%2Fv2%2Fmedia&parent=912"}],"curies":[{"name":"wp","href":"https:\/\/api.w.org\/{rel}","templated":true}]}}