{"id":2939,"date":"2016-10-27T08:26:24","date_gmt":"2016-10-27T08:26:24","guid":{"rendered":"http:\/\/oin.at\/?page_id=2939"},"modified":"2016-10-27T08:56:06","modified_gmt":"2016-10-27T08:56:06","slug":"projekte_woge-%e2%80%93-smartes-wohnen-fur-generationen-partizipative-entwicklung-von-alternsgerechten-modernisierungskonzepten","status":"publish","type":"page","link":"https:\/\/old.oin.at\/?page_id=2939","title":{"rendered":"Projekte_WOGE \u2013 Smartes Wohnen f\u00fcr Generationen. Partizipative Entwicklung von alternsgerechten Modernisierungskonzepten"},"content":{"rendered":"<p id=\"projekte-header-small\">WOGE \u2013 Smartes Wohnen f\u00fcr Generationen. Partizipative Entwicklung von alternsgerechten Modernisierungskonzepten<\/p>\n<p>Im Auftrag der \u00d6sterr. Forschungsf\u00f6rderungsgesellschaft (FFG) im Rahmen der Smart Cities Demo 7. Ausschreibung; <strong>Laufzeit:<\/strong> Jul 2016 \u2013 Jun 2017<\/p>\n<p><strong>Projektleitung:<\/strong> DI Dr. Katharina Kirsch-Soriano da Silva (Caritas Stadtteilarbeit)<\/p>\n<p><strong>Projektbearbeitung:<\/strong> Dr. Alexis Sancho-Reinoso (\u00d6IN)<\/p>\n<p><strong>Projektpartner:<\/strong> Caritas der Erzdi\u00f6zese Wien \u2013 Hilfe in Not, Stadtteilarbeit; \u00d6sterreichisches Institut f\u00fcr Nachhaltige Entwicklung (\u00d6IN); \u00d6sterreichische Energieagentur \u2013Austrian Energy Agency (EAE);  Schwarzatal Gemeinn\u00fctzige Wohnungs- &#038; Siedlungsanlagen GmbH; Wohnbauvereinigung der Gewerkschaft \u00d6ffentlicher Dienst Gemeinn\u00fctzige GmbH (WBV G\u00d6D).<\/p>\n<p>Im Sondierungsprojekt \u201eWOGE\u201c sollen multidimensionale Modernisierungskonzepte gemeinsam mit \u00e4lteren BewohnerInnen entwickelt werden, die sowohl baulich-planerische und technologiebezogene als auch soziale und quartiersbezogene Dimensionen ber\u00fccksichtigen. Konkret dienen zwei in den 1960er und 1970er Jahren errichtete Wohnbauten mit vorwiegend \u00e4lteren BewohnerInnen, deren Bautr\u00e4ger im Konsortium vertreten und an einer Sondierung und Umsetzung interessiert sind, als Testbed. Im Projekt werden Methoden der Einbindung \u00e4lterer Menschen in verschiedene alternsgerechte Ma\u00dfnahmen der Wohn(-umfeld)gestaltung explorativ erprobt und evaluiert. So k\u00f6nnen Bed\u00fcrfnisse \u00e4lterer Menschen in Bezug auf solche Ma\u00dfnahmen erhoben und (oft bestehende) Akzeptanzbarrieren abgebaut werden.<\/p>\n<p>Ergebnis des Sondierungsprojekts sind Kataloge zu generationengerechten technologischen, sozialen und baulichen Modernisierungsma\u00dfnahmen, ein umfassender Prozess- und Partizipationsleitfaden f\u00fcr Modernisierungsprojekte mit \u00e4lteren BewohnerInnen sowie konkrete Aktionspl\u00e4ne f\u00fcr das Umsetzungsprojekt in den zwei ausgew\u00e4hlten Wohnbauten werden ausgearbeitet und an Bautr\u00e4ger sowie weitere relevante Stakeholder (z.B. AkteurInnen der Prozessbegleitung) verbreitet, um bei zuk\u00fcnftigen Modernisierungsprojekten Anwendung zu finden. <\/p>\n<p>Die St\u00e4rke und Innovation des Zugangs liegt darin, partizipativ zu erforschen, welche Methoden der Einbindung und welche Modernisierungsformen speziell f\u00fcr \u00e4ltere Menschen erfolgreich sein k\u00f6nnen. <\/p>\n","protected":false},"excerpt":{"rendered":"<p>WOGE \u2013 Smartes Wohnen f\u00fcr Generationen. Partizipative Entwicklung von alternsgerechten Modernisierungskonzepten Im Auftrag der \u00d6sterr. Forschungsf\u00f6rderungsgesellschaft (FFG) im Rahmen der Smart Cities Demo 7. Ausschreibung; &hellip; <br \/><a class=\"read-more\" href=\"https:\/\/old.oin.at\/?page_id=2939\">Weiterlesen <span class=\"meta-nav\">&rarr;<\/span><\/a><\/p>\n","protected":false},"author":1,"featured_media":0,"parent":21,"menu_order":0,"comment_status":"closed","ping_status":"closed","template":"","meta":[],"_links":{"self":[{"href":"https:\/\/old.oin.at\/index.php?rest_route=\/wp\/v2\/pages\/2939"}],"collection":[{"href":"https:\/\/old.oin.at\/index.php?rest_route=\/wp\/v2\/pages"}],"about":[{"href":"https:\/\/old.oin.at\/index.php?rest_route=\/wp\/v2\/types\/page"}],"author":[{"embeddable":true,"href":"https:\/\/old.oin.at\/index.php?rest_route=\/wp\/v2\/users\/1"}],"replies":[{"embeddable":true,"href":"https:\/\/old.oin.at\/index.php?rest_route=%2Fwp%2Fv2%2Fcomments&post=2939"}],"version-history":[{"count":5,"href":"https:\/\/old.oin.at\/index.php?rest_route=\/wp\/v2\/pages\/2939\/revisions"}],"predecessor-version":[{"id":2941,"href":"https:\/\/old.oin.at\/index.php?rest_route=\/wp\/v2\/pages\/2939\/revisions\/2941"}],"up":[{"embeddable":true,"href":"https:\/\/old.oin.at\/index.php?rest_route=\/wp\/v2\/pages\/21"}],"wp:attachment":[{"href":"https:\/\/old.oin.at\/index.php?rest_route=%2Fwp%2Fv2%2Fmedia&parent=2939"}],"curies":[{"name":"wp","href":"https:\/\/api.w.org\/{rel}","templated":true}]}}