{"id":2779,"date":"2016-01-27T12:59:46","date_gmt":"2016-01-27T12:59:46","guid":{"rendered":"http:\/\/oin.at\/?page_id=2779"},"modified":"2016-01-27T13:00:11","modified_gmt":"2016-01-27T13:00:11","slug":"projekte_raumaneignung-von-kindern","status":"publish","type":"page","link":"https:\/\/old.oin.at\/?page_id=2779","title":{"rendered":"Projekte_Raumaneignung von Kindern"},"content":{"rendered":"<p id=\"projekte-header-small\">Raumaneignung von Kindern im Wiener Stadterweiterungsgebiet<\/p>\n<p>Im Auftrag der Hochschuljubil\u00e4umsstiftung der Stadt Wien; <strong>Laufzeit:<\/strong> Dez 2015 \u2013 Jun 2016<\/p>\n<p><strong>Projektleitung:<\/strong> Mag. Michaela Leitner (\u00d6IN)<\/p>\n<p><strong>Projektbearbeitung:<\/strong> Mag. Michaela Leitner (\u00d6IN)<\/p>\n<p>Raumaneignungsm\u00f6glichkeiten von Kindern in ihrer Wohnumgebung sind aufgrund sozialr\u00e4umlicher Strukturen oft stark eingeschr\u00e4nkt, was weitreichende Konsequenzen f\u00fcr deren Entwicklung haben kann. Zudem gibt es \u00fcber die Sozialr\u00e4ume von Kindern in den untersuchten neu entstehenden bzw. umstrukturierten Gebieten erst wenige Erkenntnisse.<\/p>\n<p>Zu Beginn des Projekts wird gemeinsam mit 10\u201312-j\u00e4hrigen Sch\u00fclerInnen einer Klasse der NMS Anton-Sattler-Gasse (22. Bezirk in Wien) eine lebensweltlich orientierte Sozialraumanalyse unter Ber\u00fccksichtigung genderspezifischer Aspekte im (teil-)\u00f6ffentlichen Raum des Stadtviertels Kagran durchgef\u00fchrt. Unter Anleitung der Wissenschaftlerin des \u00d6IN erforschen die Kinder die von ihnen an-geeigneten R\u00e4ume mit verschiedenen Methoden (Nadel-Methode, Autofotografie, Gruppendiskussionen). Gemeinsam mit den Sch\u00fclerInnen werden Empfehlungen zur Verbesserung der Raumaneignungsm\u00f6glichkeiten erarbeitet und an lokale, f\u00fcr die Raumplanung zust\u00e4ndige Stakeholder kommuniziert.<\/p>\n<p>Das Projekt liefert wichtige Erkenntnisse zu \u2013 aus der Perspektive der Kinder beschriebenen \u2013 Sozialr\u00e4umen in Wiener Stadterweiterungsgebieten und somit u.a. f\u00fcr die Stadtplanung wichtige Hinweise auf Verbesserungspotentiale f\u00fcr eine kindergerechte bauliche und soziale Gestaltung (teil-)\u00f6ffentlicher R\u00e4ume.<\/p>\n","protected":false},"excerpt":{"rendered":"<p>Raumaneignung von Kindern im Wiener Stadterweiterungsgebiet Im Auftrag der Hochschuljubil\u00e4umsstiftung der Stadt Wien; Laufzeit: Dez 2015 \u2013 Jun 2016 Projektleitung: Mag. Michaela Leitner (\u00d6IN) Projektbearbeitung: &hellip; <br \/><a class=\"read-more\" href=\"https:\/\/old.oin.at\/?page_id=2779\">Weiterlesen <span class=\"meta-nav\">&rarr;<\/span><\/a><\/p>\n","protected":false},"author":1,"featured_media":0,"parent":21,"menu_order":0,"comment_status":"closed","ping_status":"closed","template":"","meta":[],"_links":{"self":[{"href":"https:\/\/old.oin.at\/index.php?rest_route=\/wp\/v2\/pages\/2779"}],"collection":[{"href":"https:\/\/old.oin.at\/index.php?rest_route=\/wp\/v2\/pages"}],"about":[{"href":"https:\/\/old.oin.at\/index.php?rest_route=\/wp\/v2\/types\/page"}],"author":[{"embeddable":true,"href":"https:\/\/old.oin.at\/index.php?rest_route=\/wp\/v2\/users\/1"}],"replies":[{"embeddable":true,"href":"https:\/\/old.oin.at\/index.php?rest_route=%2Fwp%2Fv2%2Fcomments&post=2779"}],"version-history":[{"count":4,"href":"https:\/\/old.oin.at\/index.php?rest_route=\/wp\/v2\/pages\/2779\/revisions"}],"predecessor-version":[{"id":2783,"href":"https:\/\/old.oin.at\/index.php?rest_route=\/wp\/v2\/pages\/2779\/revisions\/2783"}],"up":[{"embeddable":true,"href":"https:\/\/old.oin.at\/index.php?rest_route=\/wp\/v2\/pages\/21"}],"wp:attachment":[{"href":"https:\/\/old.oin.at\/index.php?rest_route=%2Fwp%2Fv2%2Fmedia&parent=2779"}],"curies":[{"name":"wp","href":"https:\/\/api.w.org\/{rel}","templated":true}]}}