{"id":220,"date":"2011-07-20T11:28:59","date_gmt":"2011-07-20T11:28:59","guid":{"rendered":"http:\/\/localhost\/wordpress\/?page_id=220"},"modified":"2015-02-23T15:16:16","modified_gmt":"2015-02-23T15:16:16","slug":"projekte_foerdungsbedarf","status":"publish","type":"page","link":"https:\/\/old.oin.at\/?page_id=220","title":{"rendered":"Projekte_Foerdungsbedarf"},"content":{"rendered":"<p id=\"projekte-header-small\">F\u00f6rderungsbedarf in f\u00fchrenden Nachhaltigkeits-Unternehmen<\/p>\n<p>Eine Studie im Auftrag des Bundesministeriums f\u00fcr Verkehr, Innovation und Technologie (BMVIT); <strong>Laufzeit:<\/strong> Okt 2008 \u2013 Dez 2008<\/p>\n<p><strong>Projektleitung:<\/strong> Mag. Irma Pelikan (\u00d6IN)<\/p>\n<p><strong>Projektbearbeitung:<\/strong> Mag. Irma Pelikan, Dr. Anja Christanell, Univ.-Doz. Dr. Dietmar Kanatschnig (\u00d6IN)<\/p>\n<p>F\u00fcr das Vorantreiben eines Strukturwandels in Richtung nachhaltigen Wirtschaftens ist die F\u00f6rderung des Innovationspotenzials von Wirtschaftsunternehmen von zentraler Bedeutung. Das Ziel der Studie ist es herauszuarbeiten, in welchen Bereichen Wirtschaftsunternehmen Bedarf an Unterst\u00fctzung in der Entwicklung und Umsetzung von nachhaltigen Innovationen sehen.<\/p>\n<p>Aktuelle und zuk\u00fcnftige Bed\u00fcrfnisse sowie konkrete Erwartungen von Wirtschaftsunternehmen an die \u00f6sterreichische Innovationsf\u00f6rderung werden analysiert und an F\u00f6rdergeberInnen kommuniziert. Die Studie liefert eine richtungsweisende Bestandsaufnahme zu den Einsch\u00e4tzungen vonseiten der Wirtschaftsunternehmen zu Erfordernissen und Notwendigkeiten zuk\u00fcnftiger Innovationsf\u00f6rderung.<\/p>\n<p>Die Studie erm\u00f6glicht eine direkte Kommunikation von Ideen, Anregungen und Bed\u00fcrfnissen aus der Wirtschaft an potentielle F\u00f6rdergeberInnen. Dadurch k\u00f6nnen F\u00f6rderprogramme wie das BMVIT-Impulsprogramm \u201eNachhaltiges Wirtschaften\u201c noch st\u00e4rker an den Bed\u00fcrfnissen innovationsfreudiger Unternehmen orientiert werden und diese in ihrem Bestreben f\u00f6rdern und unterst\u00fctzen.<\/p>\n<p class=\"projekt-div-header\"><img id=\"teamImages_publikationen\" title=\"Publikationen\" src=\"images_seiten\/InnerHeader_Publikationen.png\" alt=\"\" \/><\/p>\n<p class=\"projekt-div-text\">Pelikan, Irma; Christanell, Anja; Kanatschnig, Dietmar (2008): F\u00f6rderungsbedarf f\u00fchrender Nachhaltigkeits-Unternehmen. Eine empirische Erhebung. Endbericht. Wien: \u00d6sterreichisches Institut f\u00fcr Nachhaltige Entwicklung.<br \/>\n<a id=\"artikeldownload\" href=\"_publikationen\/PublikationenNEU\/Forschungsberichte\/Pelikan Christanell Kanatschnig 2008 FOERDERUNGSBEDARF NH-UNTERNEHMEN Endbericht.pdf\" target=\"_blank\"><img class=\"headerImagesForPages\" title=\"download\" src=\"images\/download_arrow.png\" alt=\"\" \/>download<\/a><\/p>\n","protected":false},"excerpt":{"rendered":"<p>F\u00f6rderungsbedarf in f\u00fchrenden Nachhaltigkeits-Unternehmen Eine Studie im Auftrag des Bundesministeriums f\u00fcr Verkehr, Innovation und Technologie (BMVIT); Laufzeit: Okt 2008 \u2013 Dez 2008 Projektleitung: Mag. Irma &hellip; <br \/><a class=\"read-more\" href=\"https:\/\/old.oin.at\/?page_id=220\">Weiterlesen <span class=\"meta-nav\">&rarr;<\/span><\/a><\/p>\n","protected":false},"author":1,"featured_media":0,"parent":21,"menu_order":0,"comment_status":"closed","ping_status":"open","template":"","meta":[],"_links":{"self":[{"href":"https:\/\/old.oin.at\/index.php?rest_route=\/wp\/v2\/pages\/220"}],"collection":[{"href":"https:\/\/old.oin.at\/index.php?rest_route=\/wp\/v2\/pages"}],"about":[{"href":"https:\/\/old.oin.at\/index.php?rest_route=\/wp\/v2\/types\/page"}],"author":[{"embeddable":true,"href":"https:\/\/old.oin.at\/index.php?rest_route=\/wp\/v2\/users\/1"}],"replies":[{"embeddable":true,"href":"https:\/\/old.oin.at\/index.php?rest_route=%2Fwp%2Fv2%2Fcomments&post=220"}],"version-history":[{"count":13,"href":"https:\/\/old.oin.at\/index.php?rest_route=\/wp\/v2\/pages\/220\/revisions"}],"predecessor-version":[{"id":2420,"href":"https:\/\/old.oin.at\/index.php?rest_route=\/wp\/v2\/pages\/220\/revisions\/2420"}],"up":[{"embeddable":true,"href":"https:\/\/old.oin.at\/index.php?rest_route=\/wp\/v2\/pages\/21"}],"wp:attachment":[{"href":"https:\/\/old.oin.at\/index.php?rest_route=%2Fwp%2Fv2%2Fmedia&parent=220"}],"curies":[{"name":"wp","href":"https:\/\/api.w.org\/{rel}","templated":true}]}}