{"id":217,"date":"2011-07-20T11:28:27","date_gmt":"2011-07-20T11:28:27","guid":{"rendered":"http:\/\/localhost\/wordpress\/?page_id=217"},"modified":"2015-02-23T15:15:22","modified_gmt":"2015-02-23T15:15:22","slug":"projekte_innovationsfoerderung","status":"publish","type":"page","link":"https:\/\/old.oin.at\/?page_id=217","title":{"rendered":"Projekte_Innovationsfoerderung"},"content":{"rendered":"<p id=\"projekte-header-small\">Innovationsf\u00f6rderung durch technische Entwicklungszusammenarbeit<\/p>\n<p>Eine Studie im Auftrag des Bundesministeriums f\u00fcr Verkehr, Innovation und Technologie (BMVIT)<\/p>\n<p><strong>Projektleitung und -bearbeitung:<\/strong> Dr. Anja Christanell, Dr. Fred Luks (\u00d6IN)<\/p>\n<p>Die Kenntnis der Verkn\u00fcpfungen zwischen Innovationsf\u00f6rderung und (technischer) Zusammenarbeit erm\u00f6glicht eine zielgenauere F\u00f6rderung innovativer Technologien und die Nutzung von Synergien, die bei einer besseren Abstimmung beider Bereiche entstehen.<\/p>\n<p>Die Studie analysiert Bez\u00fcge zwischen Innovationsf\u00f6rderung und Entwicklungszusammenarbeit und den konkreten Nutzen f\u00fcr eine nachhaltige Technologief\u00f6rderung. Sie stellt sich der Frage, wie \u00f6sterreichisches Nachhaltigkeits-Know-how zum Nutzen technologischer Entwicklungen und erfolgreicher Entwicklungszusammenarbeit gef\u00f6rdert werden kann. Sie leuchtet aus, wie nachhaltigkeitsorientierte Aktivit\u00e4ten in den Bereichen Innovationsf\u00f6rderung und Entwicklungszusammenarbeit koh\u00e4rent gestaltet und welche Potenziale hier genutzt werden k\u00f6nnen. <\/p>\n","protected":false},"excerpt":{"rendered":"<p>Innovationsf\u00f6rderung durch technische Entwicklungszusammenarbeit Eine Studie im Auftrag des Bundesministeriums f\u00fcr Verkehr, Innovation und Technologie (BMVIT) Projektleitung und -bearbeitung: Dr. Anja Christanell, Dr. Fred Luks &hellip; <br \/><a class=\"read-more\" href=\"https:\/\/old.oin.at\/?page_id=217\">Weiterlesen <span class=\"meta-nav\">&rarr;<\/span><\/a><\/p>\n","protected":false},"author":1,"featured_media":0,"parent":21,"menu_order":0,"comment_status":"closed","ping_status":"open","template":"","meta":[],"_links":{"self":[{"href":"https:\/\/old.oin.at\/index.php?rest_route=\/wp\/v2\/pages\/217"}],"collection":[{"href":"https:\/\/old.oin.at\/index.php?rest_route=\/wp\/v2\/pages"}],"about":[{"href":"https:\/\/old.oin.at\/index.php?rest_route=\/wp\/v2\/types\/page"}],"author":[{"embeddable":true,"href":"https:\/\/old.oin.at\/index.php?rest_route=\/wp\/v2\/users\/1"}],"replies":[{"embeddable":true,"href":"https:\/\/old.oin.at\/index.php?rest_route=%2Fwp%2Fv2%2Fcomments&post=217"}],"version-history":[{"count":7,"href":"https:\/\/old.oin.at\/index.php?rest_route=\/wp\/v2\/pages\/217\/revisions"}],"predecessor-version":[{"id":2419,"href":"https:\/\/old.oin.at\/index.php?rest_route=\/wp\/v2\/pages\/217\/revisions\/2419"}],"up":[{"embeddable":true,"href":"https:\/\/old.oin.at\/index.php?rest_route=\/wp\/v2\/pages\/21"}],"wp:attachment":[{"href":"https:\/\/old.oin.at\/index.php?rest_route=%2Fwp%2Fv2%2Fmedia&parent=217"}],"curies":[{"name":"wp","href":"https:\/\/api.w.org\/{rel}","templated":true}]}}