{"id":2135,"date":"2014-08-07T10:00:04","date_gmt":"2014-08-07T10:00:04","guid":{"rendered":"http:\/\/oin.at\/?page_id=2135"},"modified":"2015-03-12T10:45:34","modified_gmt":"2015-03-12T10:45:34","slug":"projekte_mitbestimmung-im-wohnbau","status":"publish","type":"page","link":"https:\/\/old.oin.at\/?page_id=2135","title":{"rendered":"Projekte_Mitbestimmung im Wohnbau"},"content":{"rendered":"<p id=\"projekte-header-small\">Mitbestimmung im Wohnbau: Eine Studie \u00fcber Motive und Erwartungen von BewohnerInnen in gef\u00f6rderten Wiener Wohnbauten mit Mitbestimmungsm\u00f6glichkeiten<\/p>\n<p>Im Auftrag der MA50 Wiener Wohnbauforschung; <strong>Laufzeit:<\/strong> Sep 2013 \u2013 Dez 2013<\/p>\n<p><strong>Projektleitung:<\/strong> Dr. Anja Christanell (\u00d6IN)<\/p>\n<p><strong>Projektbearbeitung:<\/strong> Mag. Michaela Leitner, Sylvia Mandl, MSc, Dr. Anja Christanell (\u00d6IN)<\/p>\n<p>In dieser Studie wird die in den letzten Jahren wieder h\u00e4ufiger angebotene und auch immer st\u00e4rker nachgefragte Partizipation von (zuk\u00fcnftigen) BewohnerInnen bei der Planung und Gestaltung ihres Wohnraums in vier Objekten des gef\u00f6rderten Wohnbaus in Wien anhand qualitativer und quantitativer Methoden untersucht. Dabei liegt der Fokus auf den Erwartungen, den Einzugsmotiven und den Zielgruppen von an Mitbestimmungsprojekten Interessierten. Auch die Wahrnehmung und Bewertung des Mitbestimmungsprozesses durch die (zuk\u00fcnftigen) BewohnerInnen ist Thema der Studie.<\/p>\n<p>Die beiden Hauptziele der Studie sind die Evaluation von unterschiedlichen Mitbestimmungsprojekten hinsichtlich ihrer Zielgruppen, der Einzugsmotive, Erwartungen und W\u00fcnsche in Bezug auf Wohnraumgestaltung und -planung durch die BewohnerInnen sowie das Ziehen von Schlussfolgerungen aus diesen Erkenntnissen f\u00fcr die zuk\u00fcnftige Wohnraumplanung, Bautr\u00e4gerInnen, BeteiligungsmanagerInnen und die Wohnbauf\u00f6rderung.<\/p>\n<p class=\"projekt-div-header\"><img id=\"teamImages_publikationen\" title=\"Publikationen\" src=\"images_seiten\/InnerHeader_Publikationen.png\" alt=\"\" \/><\/p>\n<p>Leitner, Michaela; Mandl, Sylvia; Christanell, Anja; Mayrhuber, Elisabeth Sophie; Schabasser, Helene (2013): Mitbestimmung im Wohnbau: Eine Studie \u00fcber Motive und Erwartungen von BewohnerInnen in gef\u00f6rderten Wiener Wohnbauten mit Mitbestimmungsm\u00f6glichkeiten. Endbericht. Wien: \u00d6sterreichisches Institut f\u00fcr Nachhaltige Entwicklung.<\/p>\n<p>Christanell, Anja (2013): Mitbestimmung im Wohnbau: Eine Studie \u00fcber Motive und Erwartungen von BewohnerInnen in gef\u00f6rderten Wiener Wohnbauten mit Mitbestimmungsm\u00f6glichkeiten. Zwischenbericht. Wien: \u00d6sterreichisches Institut f\u00fcr Nachhaltige Entwicklung.<\/p>\n","protected":false},"excerpt":{"rendered":"<p>Mitbestimmung im Wohnbau: Eine Studie \u00fcber Motive und Erwartungen von BewohnerInnen in gef\u00f6rderten Wiener Wohnbauten mit Mitbestimmungsm\u00f6glichkeiten Im Auftrag der MA50 Wiener Wohnbauforschung; Laufzeit: Sep &hellip; <br \/><a class=\"read-more\" href=\"https:\/\/old.oin.at\/?page_id=2135\">Weiterlesen <span class=\"meta-nav\">&rarr;<\/span><\/a><\/p>\n","protected":false},"author":1,"featured_media":0,"parent":21,"menu_order":0,"comment_status":"closed","ping_status":"closed","template":"","meta":[],"_links":{"self":[{"href":"https:\/\/old.oin.at\/index.php?rest_route=\/wp\/v2\/pages\/2135"}],"collection":[{"href":"https:\/\/old.oin.at\/index.php?rest_route=\/wp\/v2\/pages"}],"about":[{"href":"https:\/\/old.oin.at\/index.php?rest_route=\/wp\/v2\/types\/page"}],"author":[{"embeddable":true,"href":"https:\/\/old.oin.at\/index.php?rest_route=\/wp\/v2\/users\/1"}],"replies":[{"embeddable":true,"href":"https:\/\/old.oin.at\/index.php?rest_route=%2Fwp%2Fv2%2Fcomments&post=2135"}],"version-history":[{"count":13,"href":"https:\/\/old.oin.at\/index.php?rest_route=\/wp\/v2\/pages\/2135\/revisions"}],"predecessor-version":[{"id":2459,"href":"https:\/\/old.oin.at\/index.php?rest_route=\/wp\/v2\/pages\/2135\/revisions\/2459"}],"up":[{"embeddable":true,"href":"https:\/\/old.oin.at\/index.php?rest_route=\/wp\/v2\/pages\/21"}],"wp:attachment":[{"href":"https:\/\/old.oin.at\/index.php?rest_route=%2Fwp%2Fv2%2Fmedia&parent=2135"}],"curies":[{"name":"wp","href":"https:\/\/api.w.org\/{rel}","templated":true}]}}