{"id":193,"date":"2011-07-20T11:22:07","date_gmt":"2011-07-20T11:22:07","guid":{"rendered":"http:\/\/localhost\/wordpress\/?page_id=193"},"modified":"2015-03-18T10:44:59","modified_gmt":"2015-03-18T10:44:59","slug":"projekte_self","status":"publish","type":"page","link":"https:\/\/old.oin.at\/?page_id=193","title":{"rendered":"Projekte_Self"},"content":{"rendered":"<p id=\"projekte-header-small\">SELF &#8211; Sustainable Energy Consulting for Low-Income and Migrant Families<\/p>\n<div id=\"projekt-div\"><img class=\"projekt_logo\" title=\"logo_self\" src=\"_publikationen\/projekt_logos\/SELF-Logo 125x100mm.gif\" alt=\"\" \/><\/div>\n<p>Eine Studie im Rahmen der Programmlinie &#8222;Neue Energien 2020&#8220; (Klima- und Energiefonds, FFG); <strong>Laufzeit:<\/strong> Mrz 2011 &#8211; Sep 2012<\/p>\n<p><strong>Projektleitung:<\/strong> ARGE Energieberatung<\/p>\n<p><strong>ProjektpartnerInnen:<\/strong> \u00d6IN &#8211; \u00d6sterreichisches Institut f\u00fcr Nachhaltige Entwicklung; &#8222;die umweltberatung&#8220; Wien<\/p>\n<p>SELF bereitet den Weg zu einer nachhaltigen Energieberatung f\u00fcr Menschen in sozialschwachen Haushalten und mit Migrationshintergrund. Die Studie beinhaltet die Konzeption einer standardisierten Ausbildung f\u00fcr MultiplikatorInnen, deren Aufgabe die Vorort-Betreuung und muttersprachliche Energieberatung der BewohnerInnen einer sozialen Wohnhausanlage ist.<\/p>\n<p>Der Fortschritt der Studie wird laufend evaluiert, um das Ausbildungsschema sinnvoll \u00fcbertragbar auf Mehrfamilienh\u00e4user im allgemeinen und vergleichbare Wohnsituationen zu machen und um Qualit\u00e4tskriterien f\u00fcr eine solche Ausbildung festzulegen.<\/p>\n<p>Ziel ist es, Energieberatung f\u00fcr einen gr\u00f6\u00dferen Anteil an der Bev\u00f6lkerung als bisher anbieten zu k\u00f6nnen und Ansprechpersonen f\u00fcr Energiefragen in jeder gr\u00f6\u00dferen Wohnhausanlage zur Verf\u00fcgung zu haben.<\/p>\n<p>Die Kursunterlagen und Informationen zum EnergieberaterInnenkurs sind unter folgendem Link erh\u00e4ltlich: <a href=\"?page_id=1252\" class=\"bluelink-bold\">link<\/a><\/p>\n<p class=\"projekt-div-header\"><img id=\"teamImages_publikationen\" title=\"Publikationen\" src=\"images_seiten\/InnerHeader_Publikationen.png\" alt=\"\" \/><\/p>\n<p>Jozwiak, J\u00f6rg; Cobbina, Elisabeth; Kiener, Katharina; Tsch\u00fcrtz, Heinz; Leitner, Michaela; Spitzer, Markus; Christanell, Anja; Zuccato-Doutlik, Marlies; Bauer, Alexandra; Jungert, Gerhard; Novak, Markus; Seidl, Sabine (2012): SELF. Sustainable Energy Consulting for Low-Income and Migrant Families. Endbericht. Wien: \u00d6sterreichisches Institut f\u00fcr Nachhaltige Entwicklung.<br \/>\n<a id=\"artikeldownload\" href=\"_publikationen\/PublikationenNEU\/Forschungsberichte\/SELF - Publizierbarer Endbericht.pdf\" target=\"_blank\"><img class=\"headerImagesForPages\" title=\"download\" src=\"images\/download_arrow.png\" alt=\"\" \/>download<\/a><\/p>\n<p class=\"projekt-div-text\">Leitner, Michaela; Zuccato-Doutlik, Marlies; Spitzer, Markus (2011): SELF. Sustainable Energy Consulting for Low-Income and Migrant Families. Eine Analyse von Best Practice-Beispielen zu Energieberatungsprojekten und von Studien zum Energieverbrauchsverhalten. Bericht zu den Arbeitspaketen 1 und 2. Wien: \u00d6sterreichisches Institut f\u00fcr Nachhaltige Entwicklung.<br \/>\n<a id=\"artikeldownload\" href=\"_publikationen\/PublikationenNEU\/Forschungsberichte\/Leitner Zuccato-Doutlik Spitzer 2011 SELF Bericht WP1+2.pdf\" target=\"_blank\"><img class=\"headerImagesForPages\" title=\"download\" src=\"images\/download_arrow.png\" alt=\"\" \/>download<\/a><\/p>\n","protected":false},"excerpt":{"rendered":"<p>SELF &#8211; Sustainable Energy Consulting for Low-Income and Migrant Families Eine Studie im Rahmen der Programmlinie &#8222;Neue Energien 2020&#8220; (Klima- und Energiefonds, FFG); Laufzeit: Mrz &hellip; <br \/><a class=\"read-more\" href=\"https:\/\/old.oin.at\/?page_id=193\">Weiterlesen <span class=\"meta-nav\">&rarr;<\/span><\/a><\/p>\n","protected":false},"author":1,"featured_media":0,"parent":21,"menu_order":0,"comment_status":"closed","ping_status":"open","template":"","meta":[],"_links":{"self":[{"href":"https:\/\/old.oin.at\/index.php?rest_route=\/wp\/v2\/pages\/193"}],"collection":[{"href":"https:\/\/old.oin.at\/index.php?rest_route=\/wp\/v2\/pages"}],"about":[{"href":"https:\/\/old.oin.at\/index.php?rest_route=\/wp\/v2\/types\/page"}],"author":[{"embeddable":true,"href":"https:\/\/old.oin.at\/index.php?rest_route=\/wp\/v2\/users\/1"}],"replies":[{"embeddable":true,"href":"https:\/\/old.oin.at\/index.php?rest_route=%2Fwp%2Fv2%2Fcomments&post=193"}],"version-history":[{"count":53,"href":"https:\/\/old.oin.at\/index.php?rest_route=\/wp\/v2\/pages\/193\/revisions"}],"predecessor-version":[{"id":2503,"href":"https:\/\/old.oin.at\/index.php?rest_route=\/wp\/v2\/pages\/193\/revisions\/2503"}],"up":[{"embeddable":true,"href":"https:\/\/old.oin.at\/index.php?rest_route=\/wp\/v2\/pages\/21"}],"wp:attachment":[{"href":"https:\/\/old.oin.at\/index.php?rest_route=%2Fwp%2Fv2%2Fmedia&parent=193"}],"curies":[{"name":"wp","href":"https:\/\/api.w.org\/{rel}","templated":true}]}}